{"id":1169,"date":"2014-02-06T18:47:48","date_gmt":"2014-02-06T18:47:48","guid":{"rendered":"http:\/\/usnomadstudio.com\/usnomads\/blog\/?page_id=1169"},"modified":"2014-04-11T14:04:34","modified_gmt":"2014-04-11T14:04:34","slug":"notes-from-the-road-mar-19","status":"publish","type":"page","link":"http:\/\/usnomadstudio.com\/usnomads\/blog\/?page_id=1169","title":{"rendered":"Notes from the Road &#8211; MAR 19"},"content":{"rendered":"<div class=\"container\"><\/p>\n<div class=\"heading_wrapper\">\n<div class=\"eight columns\">\n<h2>NOTES FROM THE ROAD<\/h2>\n<hr \/>\n<p><a href=\"http:\/\/usnomadstudio.com\/usnomads\/blog\/?page_id=1171\">< more recent<\/a> | 19 MAR 2014 | <a href=\"http:\/\/usnomadstudio.com\/usnomads\/blog\/?page_id=1167\">older ><\/a> <\/p>\n<hr \/>\n<h5>THE PROLOGUE<\/h5>\n<p><br><img loading=\"lazy\" src=\"http:\/\/usnomadstudio.com\/usnomads\/blog\/wp-content\/uploads\/2014\/02\/030-NIC_19032014_Leg0_080004.jpg\" alt=\"\" width=\"600\" height=\"400\" class=\"alignleft size-full wp-image-2026\" srcset=\"http:\/\/usnomadstudio.com\/usnomads\/blog\/wp-content\/uploads\/2014\/02\/030-NIC_19032014_Leg0_080004.jpg 600w, http:\/\/usnomadstudio.com\/usnomads\/blog\/wp-content\/uploads\/2014\/02\/030-NIC_19032014_Leg0_080004-300x200.jpg 300w, http:\/\/usnomadstudio.com\/usnomads\/blog\/wp-content\/uploads\/2014\/02\/030-NIC_19032014_Leg0_080004-450x300.jpg 450w, http:\/\/usnomadstudio.com\/usnomads\/blog\/wp-content\/uploads\/2014\/02\/030-NIC_19032014_Leg0_080004-334x223.jpg 334w, http:\/\/usnomadstudio.com\/usnomads\/blog\/wp-content\/uploads\/2014\/02\/030-NIC_19032014_Leg0_080004-255x170.jpg 255w\" sizes=\"(max-width: 600px) 100vw, 600px\" \/><\/p>\n<h6><br><strong>Calibration of odometers in the morning and a sample of what the course will be like in the afternoon.<\/strong><\/h6>\n<p><br><\/p>\n<p><strong>19 MARCH 2014:<\/strong> The day started out with a &#8220;calibration&#8221; of odometers. Each team drove a distance of exactly 20 km and the distance indicated on their odometer was noted by the officials. A coefficient will be calculated for each vehicle, which will be used to ensure that all kilometres are equal during the Rallye.<br><br \/>\nThe Gazelles arrive at the bivouac at noon, in time to set up their tents before posing for a group photo. Then the teams line up in the starting grid for the &#8220;Prologue&#8221; &#8212; a small sampling of what the competition will be like, but with only 3 checkpoints and no major difficulties. This 45-km looped leg serves as a warmup for the start of the real competition tomorrow. Relatively flat terrain, straightforward navigation with easy to identify features\u2026 The 3 checkpoints shouldn&#8217;t pose too many problems for the Gazelles, unless they let themselves be lulled into a false sense of confidence: even an easy route requires concentration and vigilance!<br><br \/>\nThe prologue got off to a good start; just 40 minutes in some teams had already reached their first checkpoint, despite its location in the bottom of a oued, hidden from view. The teams are learning that there is a world of difference between theory and practice.<br><br \/>\nAs the day progresses, some Gazelles drive in circles, not seeing the flag that they plotted so carefully even though it should be &#8220;right there.&#8221; The desert can be deceptive and a seemingly flat plain hides many nooks and crannies. Another challenge: the strips of sand, which many Gazelles try to avoid, though a few teams go straight into the small dunes for practice.<br><br \/>\n&#8220;The prologue went very well, overall. At 7:00, only a dozen teams were still out on the course, manoeuvring between crazy desert grass and dried oeuds\u2026 Three teams had to call for mechanical assistance after getting stuck in sand or camel grass,&#8221; stated rally organizers. <br><br \/>\nAs teams returned to the bivouac, they lined up for what is perhaps the most difficult aspect of the event for some people who are accustomed to always being connected: no more Instagram or Facebook, no selfies, no text messages, no more &#8220;Hang on&#8230; I&#8217;m checking my email!&#8221;&#8230; In short, the Gazelles hand in their cell phones and any other forbidden electronic devices to Rallye officials.<br \/>\n<br><img loading=\"lazy\" src=\"http:\/\/usnomadstudio.com\/usnomads\/blog\/wp-content\/uploads\/2014\/02\/TeamQuotes_07_01.jpg\" alt=\"\" width=\"600\" height=\"297\" class=\"alignnone size-full wp-image-1766\" srcset=\"http:\/\/usnomadstudio.com\/usnomads\/blog\/wp-content\/uploads\/2014\/02\/TeamQuotes_07_01.jpg 600w, http:\/\/usnomadstudio.com\/usnomads\/blog\/wp-content\/uploads\/2014\/02\/TeamQuotes_07_01-300x148.jpg 300w, http:\/\/usnomadstudio.com\/usnomads\/blog\/wp-content\/uploads\/2014\/02\/TeamQuotes_07_01-450x223.jpg 450w, http:\/\/usnomadstudio.com\/usnomads\/blog\/wp-content\/uploads\/2014\/02\/TeamQuotes_07_01-343x170.jpg 343w\" sizes=\"(max-width: 600px) 100vw, 600px\" \/><br><br \/>\nFor more live coverage of Today&#8217;s event from the official Rally site: <a href=\"http:\/\/www.rallyeaichadesgazelles.com\/en\/photos+videos\" target=\"_blank\">English<\/a> | <a href=\"http:\/\/www.rallyeaichadesgazelles.com\/en\/photos+videos\" target=\"_blank\">Fran\u00e7ais<\/a><\/p>\n<p><br><\/p>\n<hr>\n<h5>VIDEO: THE PROLOGUE BEGINS<\/h5>\n<p><br>Gazelles TV presents the Prologue [<em>Sorry for the obligatory advertisement at the start of this clip, it comes as part of the embedded resource, not our site.<\/em>]<\/p>\n<p><br><iframe frameborder=\"0\" width=\"480\" height=\"270\" src=\"http:\/\/www.dailymotion.com\/embed\/video\/x1ilrl4\" allowfullscreen><\/iframe><br \/><a href=\"http:\/\/www.dailymotion.com\/video\/x1ilrl4_gazelles-tv-2014-prologue_sport\" target=\"_blank\">GAZELLES TV 2014 &#8211; PROLOGUE<\/a> <i>by <a href=\"http:\/\/www.dailymotion.com\/Rallye-Aicha-des-Gazelles\" target=\"_blank\">Rallye-Aicha-des-Gazelles<\/a><\/i><br><\/p>\n<p><br>M6 highlights from the Prologue [<em>Sorry for the obligatory advertisement at the start of this clip, it comes as part of the embedded resource, not our site.<\/em>]<\/p>\n<p><br><iframe frameborder=\"0\" width=\"480\" height=\"270\" src=\"http:\/\/www.dailymotion.com\/embed\/video\/x1iv6u8\" allowfullscreen><\/iframe><br \/><a href=\"http:\/\/www.dailymotion.com\/video\/x1iv6u8_m6-gazelles-2014-21-mars_sport\" target=\"_blank\">M6 &#8211; Gazelles 2014 &#8211; 21 mars<\/a> <i>by <a href=\"http:\/\/www.dailymotion.com\/Rallye-Aicha-des-Gazelles\" target=\"_blank\">Rallye-Aicha-des-Gazelles<\/a><\/i><br><\/p>\n<p><br><\/p>\n<hr>\n<h6><a href=\"http:\/\/usnomadstudio.com\/usnomads\/blog\/?page_id=1167\">PREVIOUS NOTES FROM THE ROAD<\/a> <a href=\"http:\/\/usnomadstudio.com\/usnomads\/blog\/?page_id=1167\">><\/a> <\/h6>\n<\/p><\/div>\n<div class=\"four columns\">\n<hr>\n<p><strong>WHERE WE ARE<\/strong><\/p>\n<p><a href=\"https:\/\/maps.google.com\/maps\/ms?ie=UTF&#038;msa=0&#038;msid=211152032095924952977.0004f1704718010d10630\"><img loading=\"lazy\" src=\"http:\/\/usnomadstudio.com\/usnomads\/blog\/wp-content\/uploads\/2014\/02\/Where_04.jpg\" alt=\"Where_04\" width=\"250\" height=\"240\" class=\"alignnone size-full wp-image-991\" srcset=\"http:\/\/usnomadstudio.com\/usnomads\/blog\/wp-content\/uploads\/2014\/02\/Where_04.jpg 250w, http:\/\/usnomadstudio.com\/usnomads\/blog\/wp-content\/uploads\/2014\/02\/Where_04-232x223.jpg 232w, http:\/\/usnomadstudio.com\/usnomads\/blog\/wp-content\/uploads\/2014\/02\/Where_04-177x170.jpg 177w\" sizes=\"(max-width: 250px) 100vw, 250px\" \/><\/a><br>\n<\/p>\n<hr>\n<p><strong>ABOUT THE DAY&#8217;S COURSE<\/strong><\/p>\n<p>NEJJAKH \/ NEJJAKH \u2013 Ideal distance 45 km \u2013 Estimated time 2:00 (Looped leg)<br><br \/>\n<img loading=\"lazy\" width=\"300\" height=\"198\" src=\"http:\/\/usnomadstudio.com\/usnomads\/blog\/wp-content\/uploads\/2014\/04\/morocco-erfoud-06_650w-300x198.jpg\" class=\"alignleft size-medium wp-image-2021\" srcset=\"http:\/\/usnomadstudio.com\/usnomads\/blog\/wp-content\/uploads\/2014\/04\/morocco-erfoud-06_650w-300x198.jpg 300w, http:\/\/usnomadstudio.com\/usnomads\/blog\/wp-content\/uploads\/2014\/04\/morocco-erfoud-06_650w-452x300.jpg 452w, http:\/\/usnomadstudio.com\/usnomads\/blog\/wp-content\/uploads\/2014\/04\/morocco-erfoud-06_650w-336x223.jpg 336w, http:\/\/usnomadstudio.com\/usnomads\/blog\/wp-content\/uploads\/2014\/04\/morocco-erfoud-06_650w-256x170.jpg 256w, http:\/\/usnomadstudio.com\/usnomads\/blog\/wp-content\/uploads\/2014\/04\/morocco-erfoud-06_650w.jpg 650w\" sizes=\"(max-width: 300px) 100vw, 300px\" \/><br><br \/>\nCompass \u2013 check\u2026 Map \u2013 check\u2026 Road book \u2013 check \u2026 Start your engines\u2026 And they\u2019re off!<br \/>\nThe prologue provides an initiation to the terrain and the process, giving new Gazelles a chance to understand what is expected over the next week. Relatively flat terrain, straightforward navigation, everything is in place to allow the Gazelles to practice their driving and map reading skills under the best possible conditions. The bivouac will never be far away, but they will need to pay attention: possible pitfalls lurk around every &#8220;bend in the road&#8221; &#8212; a situation that the Gazelles will have to face many times during the 10 days to come. The prologue provides an initial ranking that is used only to establish the departure grid for the next day.\n<\/p>\n<hr>\n<p><strong>TEAM 171 PRESENTATION<\/strong><\/p>\n<p><img loading=\"lazy\" width=\"300\" height=\"225\" src=\"http:\/\/usnomadstudio.com\/usnomads\/blog\/wp-content\/uploads\/2014\/02\/GLAMIS_FEB14_NikiMeJeep-retouch_DSCN5488_650w-300x225.jpg\" class=\"alignleft size-medium wp-image-1471\" srcset=\"http:\/\/usnomadstudio.com\/usnomads\/blog\/wp-content\/uploads\/2014\/02\/GLAMIS_FEB14_NikiMeJeep-retouch_DSCN5488_650w-300x225.jpg 300w, http:\/\/usnomadstudio.com\/usnomads\/blog\/wp-content\/uploads\/2014\/02\/GLAMIS_FEB14_NikiMeJeep-retouch_DSCN5488_650w-399x300.jpg 399w, http:\/\/usnomadstudio.com\/usnomads\/blog\/wp-content\/uploads\/2014\/02\/GLAMIS_FEB14_NikiMeJeep-retouch_DSCN5488_650w-297x223.jpg 297w, http:\/\/usnomadstudio.com\/usnomads\/blog\/wp-content\/uploads\/2014\/02\/GLAMIS_FEB14_NikiMeJeep-retouch_DSCN5488_650w-226x170.jpg 226w, http:\/\/usnomadstudio.com\/usnomads\/blog\/wp-content\/uploads\/2014\/02\/GLAMIS_FEB14_NikiMeJeep-retouch_DSCN5488_650w.jpg 650w\" sizes=\"(max-width: 300px) 100vw, 300px\" \/><br><br \/>\nUSnomads, c&#8217;est l&#8217;histoire d&#8217;une amiti\u00e9 de plus de 20 ans, qui s&#8217;est construite \u00e0 travers le temps, les cultures, les exp\u00e9riences de la vie et des voyages. Seule l&#8217;union de deux caract\u00e8res forts et respectueux l&#8217;un de l&#8217;autre explique que nous soyons arriv\u00e9es \u00e0 nos fins dans chacun de nos d\u00e9fis.<br><br \/>\nCeci est notre premi\u00e8re participation au Rallye des gazelles et nous ne sommes pas des professionels, mais JoMarie a une certaine exp\u00e9rience de l&#8217;Afrique et des situations d&#8217;urgence. D&#8217;autre part, elle s&#8217;est totalement investie dans la pr\u00e9paration de cette course et Isabelle s&#8217;est r\u00e9cemment mise \u00e0 la navigation.<br><br \/>\nLe Rallye des gazelles dans le d\u00e9sert marocain sera le th\u00e9\u00e2tre d&#8217;une nouvelle \u00e9preuve pour nous : une Jeep, une boussole, une carte et tout le pouvoir de notre volont\u00e9 d&#8217;y parvenir fera le reste.<br><br \/>\nCe d\u00e9fi sportif s&#8217;inscrit dans un projet humain plus large, celui de traverser le d\u00e9sert du Sahara d&#8217;Ouest en Est dans l&#8217;espoir d&#8217;accompagner les \u00e9quipes d&#8217;ONG dans leurs micro-projets d&#8217;aide aux peuplades nomades locales. JoMarie en produira un film documentaire qui donnera \u00e0 mieux connaitre les hommes de cette partie du monde.<br><br \/>\nL&#8217;\u00e9quipe 171 prendra fi\u00e8rement son envol le 15 mars 2014 avec toutes les autres participantes ! Et que les meilleures gagnent !<br><br \/>\nMais quelle valeur et quelle port\u00e9e aurait cette le\u00e7on de vie, si nous n&#8217;\u00e9tions pas soutenues par l&#8217;amour de nos proches, de nos amis et de tous ceux qui nous entourent. Merci !<\/p>\n<hr \/>\n<p><strong>SUPPORTING MOTHERS<\/strong><br \/>\n<a href=\"http:\/\/www.motherstomothers.net\" target=\"_blank\"><img loading=\"lazy\" src=\"http:\/\/usnomadstudio.com\/usnomads\/blog\/wp-content\/uploads\/2014\/02\/m2mIcon.jpg\" alt=\"\" width=\"300\" height=\"187\" class=\"alignleft size-full wp-image-1794\" srcset=\"http:\/\/usnomadstudio.com\/usnomads\/blog\/wp-content\/uploads\/2014\/02\/m2mIcon.jpg 300w, http:\/\/usnomadstudio.com\/usnomads\/blog\/wp-content\/uploads\/2014\/02\/m2mIcon-272x170.jpg 272w\" sizes=\"(max-width: 300px) 100vw, 300px\" \/><\/a><br \/>\nTeam USnomads is proud to support the work of <a href=\"http:\/\/www.motherstomothers.net\" target=\"_blank\">MothersToMothers<\/a>, a 501(c)3 non-profit organization that recognizes the ability of mothers to change their destiny. MothersToMothers, founded by Pamela Parlapiano, partners with local women to create community supported day care and learning centers that change lives. Their model project in Amacho Wato Kebele, Ethiopia, has shown how with just a little help, the mothers in the community can improve the lives of a whole village. Please join us in supporting their efforts to take this successful model to more villages: <a href=\"http:\/\/www.motherstomothers.net\" target=\"_blank\">Donate to MothersToMothers here.<\/a> (Note that all donations go 100% directly to MothersToMothers).<\/p>\n<\/div>\n<div class=\"four columns\">\n<hr>\n<p><strong>CURRENT WEATHER<\/strong><\/p>\n<p><div id=\"awe-ajax-awesome-weather-merzouga-morocco\" class=\"awe-ajax-awesome-weather-merzouga-morocco awe-weather-ajax-wrap\" style=\"\"><div class=\"awe-loading\"><i class=\"wi wi-day-sunny\"><\/i><\/div><\/div><script type=\"text\/javascript\"> jQuery(document).ready(function() { awe_ajax_load({\"location\":\"Merzouga, Morocco\",\"units\":\"F\",\"size\":\"tall\",\"override_title\":\"Merzouga, Morocco\",\"forecast_days\":\"3\",\"hide_stats\":\"0\",\"background\":\"http:\\\/\\\/usnomadstudio.com\\\/usnomads\\\/blog\\\/wp-content\\\/uploads\\\/2014\\\/02\\\/24545711.jpg\",\"custom_bg_color\":\"#cccccc\",\"inline_style\":\"width: 225px; margin: 0px; float: left;\",\"id\":\"awesome-weather-merzouga-morocco\",\"ajaxurl\":\"http:\\\/\\\/usnomadstudio.com\\\/usnomads\\\/blog\\\/wp-admin\\\/admin-ajax.php\",\"via_ajax\":1}); }); <\/script><br><\/p>\n<p>Detailed weather: <a href=\"http:\/\/www.wunderground.com\/q\/locid:MO015327\" target=\"_blank\">Errachida<\/a><\/p>\n<hr>\n<p><a href=\"http:\/\/www.pinterest.com\/teamusnomads\/\" target=\"_blank\"><img loading=\"lazy\" src=\"http:\/\/usnomadstudio.com\/usnomads\/blog\/wp-content\/uploads\/2014\/02\/ce904c8c1fad04f099c6df6fcef4dce2.jpg\" alt=\"\" width=\"736\" height=\"985\" class=\"alignleft size-full wp-image-1072\" srcset=\"http:\/\/usnomadstudio.com\/usnomads\/blog\/wp-content\/uploads\/2014\/02\/ce904c8c1fad04f099c6df6fcef4dce2.jpg 736w, http:\/\/usnomadstudio.com\/usnomads\/blog\/wp-content\/uploads\/2014\/02\/ce904c8c1fad04f099c6df6fcef4dce2-224x300.jpg 224w, http:\/\/usnomadstudio.com\/usnomads\/blog\/wp-content\/uploads\/2014\/02\/ce904c8c1fad04f099c6df6fcef4dce2-166x223.jpg 166w, http:\/\/usnomadstudio.com\/usnomads\/blog\/wp-content\/uploads\/2014\/02\/ce904c8c1fad04f099c6df6fcef4dce2-127x170.jpg 127w, http:\/\/usnomadstudio.com\/usnomads\/blog\/wp-content\/uploads\/2014\/02\/ce904c8c1fad04f099c6df6fcef4dce2-508x680.jpg 508w\" sizes=\"(max-width: 736px) 100vw, 736px\" \/><\/a><\/p>\n<hr>\n<p><strong>MORE NOTES FROM THE ROAD:<\/strong><br \/>\n<a href=\"http:\/\/usnomadstudio.com\/usnomads\/blog\/?page_id=1167\">18 March \u2013 To Erfoud<\/a><br \/>\n<a href=\"http:\/\/usnomadstudio.com\/usnomads\/blog\/?page_id=1165\">17 March \u2013 Ferry to Tangiers<\/a><br \/>\n<a href=\"http:\/\/usnomadstudio.com\/usnomads\/blog\/?page_id=1163\">16 March \u2013 To Barcelona<\/a><br \/>\n<a href=\"http:\/\/usnomadstudio.com\/usnomads\/blog\/?page_id=1161\">15 March \u2013 Paris Presentation<\/a><br \/>\n<a href=\"http:\/\/usnomadstudio.com\/usnomads\/blog\/?page_id=1159\">14 March \u2013 Technical Verification day<\/a><br \/>\n<a href=\"http:\/\/usnomadstudio.com\/usnomads\/blog\/?page_id=1444\">8 to 13 Mar 2014 &#8211; Paris: Preparations<\/a>\u2028<br \/>\n<a href=\"http:\/\/usnomadstudio.com\/usnomads\/blog\/?portfolio=notes-from-the-road-archive\">Archive<\/a><br><\/p>\n<hr \/>\n<p><strong>ROUTE MAP<\/strong><\/p>\n<p><a href=\"http:\/\/usnomadstudio.com\/usnomads\/blog\/wp-content\/uploads\/2014\/02\/RouteMap-650w.jpg\" target=\"_blank\"><img loading=\"lazy\" width=\"650\" height=\"541\" src=\"http:\/\/usnomadstudio.com\/usnomads\/blog\/wp-content\/uploads\/2014\/02\/RouteMap-650w.jpg\" class=\"alignnone size-full wp-image-979\" srcset=\"http:\/\/usnomadstudio.com\/usnomads\/blog\/wp-content\/uploads\/2014\/02\/RouteMap-650w.jpg 650w, http:\/\/usnomadstudio.com\/usnomads\/blog\/wp-content\/uploads\/2014\/02\/RouteMap-650w-300x249.jpg 300w, http:\/\/usnomadstudio.com\/usnomads\/blog\/wp-content\/uploads\/2014\/02\/RouteMap-650w-360x300.jpg 360w, http:\/\/usnomadstudio.com\/usnomads\/blog\/wp-content\/uploads\/2014\/02\/RouteMap-650w-267x223.jpg 267w, http:\/\/usnomadstudio.com\/usnomads\/blog\/wp-content\/uploads\/2014\/02\/RouteMap-650w-204x170.jpg 204w\" sizes=\"(max-width: 650px) 100vw, 650px\" \/><\/a><\/p>\n<hr>\n<p><strong>FEATURE<\/strong><\/p>\n<p><a href=\"http:\/\/usnomadstudio.com\/usnomads\/blog\/?page_id=620\"><img src=\"http:\/\/usnomadstudio.com\/usnomads\/blog\/wp-content\/uploads\/2013\/11\/Slider_blog_front-anza.jpg\"><\/a><\/p>\n<h6><a href=\"http:\/\/usnomadstudio.com\/usnomads\/blog\/?page_id=620\"><strong>LEARNING TO READ THE CLUES ON A MAP<\/strong><\/a> <\/h6>\n<p>The stretch of California desert known as Anza Borrego has a lot of similarities with parts of the Sahara and as such is a perfect place to work on the terrain recognition skills that will help us navigate off-road without a GPS during the Rallye Aicha des Gazelles\u2026 <a href=\"http:\/\/usnomadstudio.com\/usnomads\/blog\/?page_id=620\">[read]<\/a><\/p>\n<hr>\n<p><strong>MORE INFO:<\/strong><br \/>\n<a href=\"http:\/\/usnomads.org\/\" target=\"_blank\">About Team 171 US Nomads<\/a><br \/>\n<a href=\"http:\/\/usnomadstudio.com\/usnomads\/blog\/?page_id=378\" target=\"_blank\">Team Training<\/a><br \/>\n<a href=\"http:\/\/usnomadstudio.com\/usnomads\/blog\/?page_id=407\" target=\"_blank\">Practical Matters<\/a><br \/>\n<a href=\"http:\/\/usnomadstudio.com\/usnomads\/blog\/?page_id=409\" target=\"_blank\">In Our Words<\/a><br \/>\n<a href=\"http:\/\/usnomadstudio.com\/usnomads\/blog\/?page_id=411\" target=\"_blank\">Team News<\/a><br \/>\n<a href=\"mailto:feccifoto@aol.com\" target=\"_blank\">Contact Us<\/a><br><\/p>\n<hr>\n<p><a href=\"http:\/\/usnomadstudio.com\/usnomads\/blog\/?portfolio=land-nav-at-anza-borrego\"><img src=\"http:\/\/usnomadstudio.com\/usnomads\/blog\/wp-content\/uploads\/2013\/12\/Slider_blog_front-NikiAnza-300x168\"><\/a><\/p>\n<h6><a href=\"http:\/\/usnomadstudio.com\/usnomads\/blog\/?portfolio=land-nav-at-anza-borrego\"><strong>STORYBOARD: FINDING OUR OWN WAY<\/strong><\/a> <\/h6>\n<p>A photo storyboard featuring Team USnomads and some lessons learned during a recent training exercise in Anza Borrego. Putting the driving and navigating together in a real desert environment, the team completed an independent land navigation simulation as part of the preparation for the Rallye Aicha des Gazelles 2014\u2026 <a href=\"http:\/\/usnomadstudio.com\/usnomads\/blog\/?portfolio=land-nav-at-anza-borrego\">[read]<\/a><\/p>\n<hr>\n<p><a href=\"http:\/\/usnomads.org\"><img src=\"http:\/\/usnomadstudio.com\/usnomads\/blog\/siteimages\/Website_Tab_Widget.gif\"><\/a><br \/>\n<a href=\"http:\/\/usnomads.org\/?p=5\">> <\/a>Team US Nomads is training hard to face the challenges of a Sahara crossing like no other. The first step in their journey is the 2014 Rally Aicha des Gazelles. <a href=\"http:\/\/usnomads.org\/?p=5\">Find out more about the team and their inspiration \u2026<\/a><br \/>\n<a href=\"http:\/\/usnomads.org\/?p=7\">> <\/a>A true test of endurance, the Gazelle rally pushes teams to their limits in a struggle to overcome the harshest terrain in the Moroccan Sahara. The key to success is a seamless combination of off-road driving abiility, land navigation skills and strategic thinking. <a href=\"http:\/\/usnomads.org\/?p=7\">Learn more about this unique race \u2026<\/a><br \/>\n<a href=\"http:\/\/usnomads.org\/?p=9\">> <\/a>Team US Nomads is working to connect people across borders and cultures in a true exchange. This includes a series of humanitarian efforts to assist communities in the region undertaken with the rally organization and other NGO partners. <a href=\"http:\/\/usnomads.org\/?p=9\">Discover how we are doing good as we go \u2026<\/a><br \/>\n<a href=\"http:\/\/usnomads.org\/?p=10\">> <\/a>Team US Nomads needs your support. Whether you represent a corporate organization interested in sponsoring the team, a humanitarian group that would like to find out more about working with us in the Sahara, or if you would just like to follow along with the adventure, we want to hear from you. <a href=\"http:\/\/usnomads.org\/?p=10\">Find out how to get involved \u2026<\/a><\/p>\n<\/p><\/div>\n<div class=\"clear\"><\/div>\n<\/p><\/div>\n<p><\/div>\n","protected":false},"excerpt":{"rendered":"","protected":false},"author":2,"featured_media":0,"parent":1120,"menu_order":13,"comment_status":"closed","ping_status":"closed","template":"","meta":[],"_links":{"self":[{"href":"http:\/\/usnomadstudio.com\/usnomads\/blog\/index.php?rest_route=\/wp\/v2\/pages\/1169"}],"collection":[{"href":"http:\/\/usnomadstudio.com\/usnomads\/blog\/index.php?rest_route=\/wp\/v2\/pages"}],"about":[{"href":"http:\/\/usnomadstudio.com\/usnomads\/blog\/index.php?rest_route=\/wp\/v2\/types\/page"}],"author":[{"embeddable":true,"href":"http:\/\/usnomadstudio.com\/usnomads\/blog\/index.php?rest_route=\/wp\/v2\/users\/2"}],"replies":[{"embeddable":true,"href":"http:\/\/usnomadstudio.com\/usnomads\/blog\/index.php?rest_route=%2Fwp%2Fv2%2Fcomments&post=1169"}],"version-history":[{"count":27,"href":"http:\/\/usnomadstudio.com\/usnomads\/blog\/index.php?rest_route=\/wp\/v2\/pages\/1169\/revisions"}],"predecessor-version":[{"id":2029,"href":"http:\/\/usnomadstudio.com\/usnomads\/blog\/index.php?rest_route=\/wp\/v2\/pages\/1169\/revisions\/2029"}],"up":[{"embeddable":true,"href":"http:\/\/usnomadstudio.com\/usnomads\/blog\/index.php?rest_route=\/wp\/v2\/pages\/1120"}],"wp:attachment":[{"href":"http:\/\/usnomadstudio.com\/usnomads\/blog\/index.php?rest_route=%2Fwp%2Fv2%2Fmedia&parent=1169"}],"curies":[{"name":"wp","href":"https:\/\/api.w.org\/{rel}","templated":true}]}}