{"id":11060,"date":"2019-09-21T16:11:29","date_gmt":"2019-09-21T16:11:29","guid":{"rendered":"http:\/\/usnomadstudio.com\/usnomads\/blog\/?page_id=11060"},"modified":"2019-09-21T18:42:51","modified_gmt":"2019-09-21T18:42:51","slug":"notes-from-the-road-8-31-august-2019","status":"publish","type":"page","link":"http:\/\/usnomadstudio.com\/usnomads\/blog\/?page_id=11060","title":{"rendered":"Notes From the Road &#8212; 8 &#8211; 31 August 2019"},"content":{"rendered":"<div class=\"container\"><\/p>\n<div class=\"heading_wrapper\">\n<div class=\"eight columns\">\n<h2>NOTES FROM THE ROAD<\/h2>\n<hr \/>\n<p><a href=\"http:\/\/usnomadstudio.com\/usnomads\/blog\/?page_id=11088\">&lt; more recent<\/a> | 8 &#8211; 31 August 2019 | <a href=\"http:\/\/usnomadstudio.com\/usnomads\/blog\/?page_id=11031\">older &gt;<\/a><\/p>\n<hr \/>\n<p><br><\/p>\n<h5>Back in Serbian Countryside&#8230;<\/h5>\n<p><br><img src=\"http:\/\/usnomadstudio.com\/usnomads\/blog\/wp-content\/uploads\/2019\/09\/Serbia_Aug2019_Day08_roadtrip-mokragora-fieldswithhay_DSCN6719_1200w.jpg\" class=\"aligncenter size-large wp-image-11039\" \/><\/p>\n<h6><strong>Return to Serbia&#8230;<\/strong><\/h6>\n<p><br><\/p>\n<p><strong>17 August 2019:<\/strong> Crossed the border back into Serbia and marathoned it all the way to the village of Miliva, arriving just after sunset. It was a long drive-day made worse by border-traffic and construction delays, but the little outing had been well worth it, and we settled in for a final evening in the familiar countryside ambiance&#8230; <br><\/p>\n<hr \/>\n<p><br><\/p>\n<h5>Bridge on the River Drina&#8230;<\/h5>\n<p><br><img src=\"http:\/\/usnomadstudio.com\/usnomads\/blog\/wp-content\/uploads\/2019\/09\/Serbia_Aug2019_Day07_roadtrip-visegrad-bridgeoverdrina-townbehindnight_DSCN6604_1200w.jpg\" class=\"aligncenter size-large wp-image-11039\" \/><\/p>\n<h6><strong>A Day in Visegrad&#8230;<\/strong><\/h6>\n<p><br><\/p>\n<p><strong>16 August 2019:<\/strong> The goal of our road trip was to reach this historic bridge over the Drina river in the Bosnian town of Vi\u0161egrad. The the <a href=\"https:\/\/en.wikipedia.org\/wiki\/The_Bridge_on_the_Drina\" rel=\"noopener\" target=\"_blank\">Mehmed Pa\u0161a Sokolovi\u0107 Bridge<\/a> is most famous from a novel by Ivo Andric and it is actually a UNESCO World Heritage Site just over the Serbian-Bosnian border. We arrived in the evening just as darkness was settling in and spend some time walking across the bridge and enjoying the evening on the edge of the Drina&#8230; <br><\/p>\n<hr \/>\n<p><br><\/p>\n<h5>Roadtripping through the Gorge&#8230;<\/h5>\n<p><br><img src=\"http:\/\/usnomadstudio.com\/usnomads\/blog\/wp-content\/uploads\/2019\/09\/Serbia_Aug2019_Day07_roadtrip-gorge-cliffwallbeyoundhilltop_DSCN6534_1200w.jpg\" class=\"aligncenter size-large wp-image-11039\" \/><\/p>\n<h6><strong>Exploring the Ovcar Kablar Gorge&#8230;<\/strong><\/h6>\n<p><br><\/p>\n<p><strong>15 August 2019:<\/strong> We set out for a short road trip through the <a href=\"https:\/\/www.tripadvisor.com\/Attraction_Review-g304075-d7124680-Reviews-or10-Ovcar_Kablar_Gorge-Cacak_Central_Serbia.html\" rel=\"noopener\" target=\"_blank\">Ovcar Kablar Gorge<\/a>, a beautiful area of mountains with a twisting river and some rugged rock faces, that is historically interesting because it is home to a series of ancient Serbian Orthodox monasteries tucked into the hills in an area that was once on the front lines of a struggle between empires. Today this region is a destination for outdoor activities and it is possible to climb to the top of some of the mountaintops, though we did not have enough time to do more than short hike and a quick monastery visit&#8230; <br><\/p>\n<hr \/>\n<p><br><\/p>\n<h5>Wildflowers and Gentle Hills&#8230;<\/h5>\n<p><br><img src=\"http:\/\/usnomadstudio.com\/usnomads\/blog\/wp-content\/uploads\/2019\/09\/Serbia_Aug2019_Day04_Miliva-walk_wildflowerfieldhouseroofdistantmountains_DSCN6427_1200w.jpg\" class=\"aligncenter size-large wp-image-11039\" \/><\/p>\n<h6><strong>Favorite trails&#8230;<\/strong><\/h6>\n<p><br><\/p>\n<p><strong>13 August 2019:<\/strong> Time for some leisurely hiking in the hills surrounding the village where there are fields of wildflowers and we can still find berries to pick as we follow trials up to the plum trees. This year the harvest came early and the plums have already been gathered, getting ready to make the next batch of rakija &#8230; <br><\/p>\n<hr \/>\n<p><br><\/p>\n<h5>Serbian Sunset&#8230;<\/h5>\n<p><br><img src=\"http:\/\/usnomadstudio.com\/usnomads\/blog\/wp-content\/uploads\/2019\/09\/Serbia_Aug2019_Day02_Miliva-sunset_sunthrutreeaseye_DSCN6358_1200w.jpg\" class=\"aligncenter size-large wp-image-11039\" \/><\/p>\n<h6><strong>Calm days in Serbian countryside&#8230;<\/strong><\/h6>\n<p><br><\/p>\n<p><strong>11 August 2019:<\/strong> Enjoying the calm of late summer in the Serbian countryside with good friends and plenty of natural beauty surrounding us as we pass a few days all together in the village. It is a very welcomed slower pace here that allows us to appreciate the simple things, including an amazing sunset in a favorite spot &#8230; <br><\/p>\n<hr \/>\n<h6><a href=\"http:\/\/usnomadstudio.com\/usnomads\/blog\/?page_id=11031\">PREVIOUS NOTES FROM THE ROAD<\/a> <a href=\"http:\/\/usnomadstudio.com\/usnomads\/blog\/?page_id=11031\">&gt;<\/a><\/h6>\n<\/div>\n<div class=\"four columns\">\n<hr \/>\n<p><strong>THIS MONTH:<\/strong><br \/>\n<img loading=\"lazy\" width=\"300\" height=\"130\" class=\"aligncenter size-medium wp-image-7918\" src=\"http:\/\/usnomadstudio.com\/usnomads\/blog\/wp-content\/uploads\/2014\/02\/Serbia-300x130.jpg\" srcset=\"http:\/\/usnomadstudio.com\/usnomads\/blog\/wp-content\/uploads\/2014\/02\/Serbia-300x130.jpg 300w, http:\/\/usnomadstudio.com\/usnomads\/blog\/wp-content\/uploads\/2014\/02\/Serbia-768x333.jpg 768w, http:\/\/usnomadstudio.com\/usnomads\/blog\/wp-content\/uploads\/2014\/02\/Serbia-1024x443.jpg 1024w, http:\/\/usnomadstudio.com\/usnomads\/blog\/wp-content\/uploads\/2014\/02\/Serbia-693x300.jpg 693w, http:\/\/usnomadstudio.com\/usnomads\/blog\/wp-content\/uploads\/2014\/02\/Serbia-515x223.jpg 515w, http:\/\/usnomadstudio.com\/usnomads\/blog\/wp-content\/uploads\/2014\/02\/Serbia-393x170.jpg 393w, http:\/\/usnomadstudio.com\/usnomads\/blog\/wp-content\/uploads\/2014\/02\/Serbia-1570x680.jpg 1570w\" sizes=\"(max-width: 300px) 100vw, 300px\" \/><br \/>\nHeading to a small village in Serbia to help out with the annual plum harvest and spend some time exploring the countryside with friends &#8230;<br><\/p>\n<hr \/>\n<p><strong>COMING UP SOON:<\/strong><br \/>\n<img loading=\"lazy\" width=\"300\" height=\"162\" class=\"aligncenter size-medium wp-image-10584\" src=\"http:\/\/usnomadstudio.com\/usnomads\/blog\/wp-content\/uploads\/2019\/02\/wwd-logo-300x162.jpg\" srcset=\"http:\/\/usnomadstudio.com\/usnomads\/blog\/wp-content\/uploads\/2019\/02\/wwd-logo-300x162.jpg 300w, http:\/\/usnomadstudio.com\/usnomads\/blog\/wp-content\/uploads\/2019\/02\/wwd-logo.jpg 306w\" sizes=\"(max-width: 300px) 100vw, 300px\" \/><br \/>\nBack to Pennsylvania Coal Country to guide for the 2019 <a href=\"https:\/\/www.facebook.com\/events\/209476110007548\/\" target=\"_blank\" rel=\"noopener\">Women&#8217;s Wheeling Day<\/a> at Rausch Creek Offroad Park hosted by <a href=\"https:\/\/www.facebook.com\/events\/209476110007548\/\" target=\"_blank\" rel=\"noopener\">Jeep Girls Rock<\/a>. The day focuses on learning, enjoying the trails and meeting new friends, and is for all trail levels, from beginners to advanced. Female Guides will be assigned to each group and will encourage those who have never wheeled before as they build confidence out on the trails and learn what their vehicle is capable of (guys are welcomed to attend and ride along with women drivers at this family event) &#8230;<br><\/p>\n<hr \/>\n<p><strong>THE BRIDGE AND THE BOOK<\/strong><\/p>\n<p><img class=\"alignleft size-medium wp-image-4253\" src=\"http:\/\/usnomadstudio.com\/usnomads\/blog\/wp-content\/uploads\/2019\/09\/Serbia_Aug2019_Day07_roadtrip-visegrad-bridgeoverdrina-townbehind_DSCN6578_1200w.jpg\"  \/><br \/>\nThe <a href=\"https:\/\/en.wikipedia.org\/wiki\/The_Bridge_on_the_Drina\" rel=\"noopener\" target=\"_blank\">Bridge on the Drina<\/a> is a historical novel by the Yugoslav writer Ivo Andri\u0107, revolving around the Mehmed Pa\u0161a Sokolovi\u0107 Bridge in Vi\u0161egrad. The bridge spans the Drina River and stands as a silent witness to history from its construction by the Ottomans in the mid-16th century until its partial destruction during World War I. The novel covers about four centuries of Ottoman and Austro-Hungarian occupations of the region, and chronicles the lives of the local inhabitants. The author, Andri\u0107 had been Yugoslavia&#8217;s ambassador to Germany from 1939 to 1941, during the early years of World War II, and was arrested by the Germans in April 1941, following the Axis invasion of Yugoslavia. In June 1941, he was allowed to return to German-occupied Belgrade but was confined to a friend&#8217;s apartment in conditions that some biographers liken to house arrest. The novel was one of three that Andri\u0107 wrote over the next several years. All three were published in short succession in 1945, following Belgrade&#8217;s liberation from the Nazis. The Bridge on the Drina was published in March of that year to widespread acclaim. In 1961, Andri\u0107 was awarded the Nobel Prize in Literature and his works became subject to international recognition. The Bridge itself was reconstructed after World War I and is now a UNESCO World Heritage Site. It was originally constructed in 1577 by Mimar Sinan, one of the greatest architects and engineers of the classical Ottoman period, on the order of the Grand Vizier Mehmed Pa\u0161a Sokolovi\u0107. The 179.5-meter-long (589 ft) bridge is characteristic of the apogee of Turkish monumental architecture and civil engineering. Three of its 11 arches were destroyed during World War I and five were damaged during World War II but subsequently restored, with the latest renovations being undertaken in 2010.<br><\/p>\n<hr \/>\n<p><strong>THE OVCAR KABLAR GORGE<\/strong><\/p>\n<p><img class=\"alignleft size-medium wp-image-4253\" src=\"http:\/\/usnomadstudio.com\/usnomads\/blog\/wp-content\/uploads\/2019\/09\/Serbia_Aug2019_Day07_roadtrip-gorge-riverwithboattieddown_DSCN6500_1200w.jpg\"  \/><br \/>\nThe <a href=\"https:\/\/en.wikipedia.org\/wiki\/Ov\u010dar-Kablar_Gorge\" rel=\"noopener\" target=\"_blank\">Ov\u010dar-Kablar Gorge<\/a> in western Serbia is part of the composite valley of the West Morava river, and is home to over 30 monasteries, some dating to the 14th century. Halfway between the towns of \u010ca\u010dak and Po\u017eega it is roughly 155 kilometers south-west of the capital Belgrade. The gorge is at the narrowing of the valley carved between the mountain Ov\u010dar (985 meters) on the south and Kablar (889 meters) on the north, where the river meanders between them for 15 kilometers. The monasteries clustered there because the difficult terrain made for a good refuge from the dangers of clashing empires. The first churches were built in the early 14th century, after mercenaries from the Catalan Company raided the Byzantine Mount Athos in 1307-1309 forcing Serbian Orthodox clergy to flee the peninsula. Another wave of refugee priests came after the Turkish-Serbian Battle of Maritsa in 1371. Today only 10 monasteries, one church and one sacred cave remain &#8212; most of them from the period of Ottoman occupation in the 15th-18th century. Uspenje, the main monastery in the group, is on the north slopes of the Kablar mountain. Vavedenje is on the right bank, toward the end gorge. Blagove\u0161tenje is one of the oldest remaining monasteries, originally from the medieval period of the Nemanji\u0107 dynasty. Ka\u0111enica or &#8220;Smoke Cave&#8221; is a cave-church where people found refuge during the anti-Ottoman revolt in 1814 (Had\u017ei Prodanova buna). When the Ottomans discovered their hiding place, they set a fire using straw and wood, suffocating everyone inside. The victims remains are buried in two stone sarcophaguses under the church altar apse. Sveta Trojica, a secluded monastery on the hill across Blagove\u0161tenje, is considered to be the most beautiful of all Ov\u010dar-Kablar monasteries. The other monasteries include Jovanje, Nikolje, Vaznesenje, Preobra\u017eenje, Sretenje, Ilinje and Savinje.<br><\/p>\n<hr \/>\n<\/div>\n<div class=\"four columns\">\n<hr \/>\n<p><div id=\"awe-ajax-awesome-weather-belgrade\" class=\"awe-ajax-awesome-weather-belgrade awe-weather-ajax-wrap\" style=\"\"><div class=\"awe-loading\"><i class=\"wi wi-day-sunny\"><\/i><\/div><\/div><script type=\"text\/javascript\"> jQuery(document).ready(function() { awe_ajax_load({\"location\":\"Belgrade\",\"units\":\"F\",\"size\":\"tall\",\"override_title\":\"Serbia\",\"forecast_days\":\"3\",\"hide_stats\":\"0\",\"background\":\"http:\\\/\\\/usnomadstudio.com\\\/usnomads\\\/blog\\\/wp-content\\\/uploads\\\/2014\\\/02\\\/Serbia_JUL2017_Miliva_afternoonsunonforestnikiwalking-alt_DSCN1721_650w.jpg\",\"custom_bg_color\":\"#cccccc\",\"inline_style\":\"width: 225px; margin: 0px; float: left;\",\"id\":\"awesome-weather-belgrade\",\"ajaxurl\":\"http:\\\/\\\/usnomadstudio.com\\\/usnomads\\\/blog\\\/wp-admin\\\/admin-ajax.php\",\"via_ajax\":1}); }); <\/script><br><\/p>\n<p><a href=\"https:\/\/www.wunderground.com\/weather\/us\/ny\/nesconset\" target=\"_blank\" rel=\"noopener\">Nesconset<\/a> | <a href=\"https:\/\/www.wunderground.com\/weather\/fr\/paris\" target=\"_blank\" rel=\"noopener\">Paris<\/a> | <a href=\"https:\/\/www.wunderground.com\/weather\/rs\/belgrade\" target=\"_blank\" rel=\"noopener\">Belgrade<\/a> | <a href=\"https:\/\/www.wunderground.com\/weather\/us\/ga\/atlanta\/30303\" target=\"_blank\" rel=\"noopener\">Atlanta<\/a><\/p>\n<hr \/>\n<p><a href=\"http:\/\/www.pinterest.com\/teamusnomads\/\" target=\"_blank\" rel=\"noopener\"><img loading=\"lazy\" width=\"564\" height=\"846\" src=\"http:\/\/usnomadstudio.com\/usnomads\/blog\/wp-content\/uploads\/2019\/09\/aeb15efd7538d31d8d54bc5ab184fe11.jpg\"  class=\"aligncenter size-full wp-image-11086\" srcset=\"http:\/\/usnomadstudio.com\/usnomads\/blog\/wp-content\/uploads\/2019\/09\/aeb15efd7538d31d8d54bc5ab184fe11.jpg 564w, http:\/\/usnomadstudio.com\/usnomads\/blog\/wp-content\/uploads\/2019\/09\/aeb15efd7538d31d8d54bc5ab184fe11-200x300.jpg 200w, http:\/\/usnomadstudio.com\/usnomads\/blog\/wp-content\/uploads\/2019\/09\/aeb15efd7538d31d8d54bc5ab184fe11-149x223.jpg 149w, http:\/\/usnomadstudio.com\/usnomads\/blog\/wp-content\/uploads\/2019\/09\/aeb15efd7538d31d8d54bc5ab184fe11-113x170.jpg 113w, http:\/\/usnomadstudio.com\/usnomads\/blog\/wp-content\/uploads\/2019\/09\/aeb15efd7538d31d8d54bc5ab184fe11-453x680.jpg 453w\" sizes=\"(max-width: 564px) 100vw, 564px\" \/><\/a><\/p>\n<hr \/>\n<p><strong>MORE NOTES FROM THE ROAD:<\/strong><br \/>\n<a href=\"http:\/\/usnomadstudio.com\/usnomads\/blog\/?page_id=11031\">1-8 August \u2013 #LONCON2019<\/a><br \/>\n<a href=\"http:\/\/usnomadstudio.com\/usnomads\/blog\/?page_id=10998\">16-31 July \u2013 Roadtrip to Atlanta<\/a><br \/>\n<a href=\"http:\/\/usnomadstudio.com\/usnomads\/blog\/?page_id=10967\">1-15 July \u2013 Cape Cod<\/a><br \/>\n<a href=\"http:\/\/usnomadstudio.com\/usnomads\/blog\/?page_id=10936\">15-30 June \u2013 Eastern Long Island<\/a><br \/>\n<a href=\"http:\/\/usnomadstudio.com\/usnomads\/blog\/?page_id=10869\">1-14 June \u2013 Bantam Jeep Festival<\/a><br \/>\n<a href=\"http:\/\/usnomadstudio.com\/usnomads\/blog\/?page_id=10866\">May \u2013 PA Trail cleanup<\/a><br \/>\n<a href=\"http:\/\/usnomadstudio.com\/usnomads\/blog\/?page_id=10797\">22-30 April \u2013 Minnesota<\/a><br \/>\n<a href=\"http:\/\/usnomadstudio.com\/usnomads\/blog\/?page_id=10752\">16-21 April \u2013 PA Trails<\/a><br \/>\n<a href=\"http:\/\/usnomadstudio.com\/usnomads\/blog\/?page_id=10746\">1-15 April \u2013 New Jeep<\/a><br \/>\n<a href=\"http:\/\/usnomadstudio.com\/usnomads\/blog\/?page_id=10720\">15-31 March \u2013 Paris<\/a><br \/>\n<a href=\"http:\/\/usnomadstudio.com\/usnomads\/blog\/?page_id=10658\">1-14 March \u2013 Arizona<\/a><br \/>\n<a href=\"http:\/\/usnomadstudio.com\/usnomads\/blog\/?page_id=10610\">15-28 February \u2013 San Antonio<\/a><br \/>\n<a href=\"http:\/\/usnomadstudio.com\/usnomads\/blog\/?page_id=10564\">1-14 February \u2013 Sedona and Glamis<\/a><br \/>\n<a href=\"http:\/\/usnomadstudio.com\/usnomads\/blog\/?page_id=10476\">January \u2013 Iran<\/a><br \/>\n<a href=\"http:\/\/usnomadstudio.com\/usnomads\/blog\/?page_id=10454\">December \u2013 Holiday Road Trip<\/a><br \/>\n<a href=\"http:\/\/usnomadstudio.com\/usnomads\/blog\/?page_id=10411\">16-30 November \u2013 Senegal<\/a><br \/>\n<a href=\"http:\/\/usnomadstudio.com\/usnomads\/blog\/?page_id=10406\">1-15 November \u2013 Paris<\/a><br \/>\n<a href=\"http:\/\/usnomadstudio.com\/usnomads\/blog\/?page_id=10308\">October \u2013 New York<\/a><br \/>\n<a href=\"http:\/\/usnomadstudio.com\/usnomads\/blog\/?page_id=9990\">September \u2013 Southwestern Deserts<\/a><br \/>\n<a href=\"http:\/\/usnomadstudio.com\/usnomads\/blog\/?page_id=9945\">22-31 August \u2013 New York<\/a><br \/>\n<a href=\"http:\/\/usnomadstudio.com\/usnomads\/blog\/?page_id=9903\">8-21 August \u2013 Serbia<\/a><br \/>\n<a href=\"http:\/\/usnomadstudio.com\/usnomads\/blog\/?portfolio=notes-from-the-road-archive\">Archive<\/a><br><\/p>\n<hr \/>\n<p><strong>REFLECTIONS<\/strong><\/p>\n<p><a href=\"http:\/\/usnomadstudio.com\/usnomads\/blog\/?page_id=9308\"><img loading=\"lazy\" width=\"300\" height=\"175\" class=\"alignnone size-medium wp-image-9314\" src=\"http:\/\/usnomadstudio.com\/usnomads\/blog\/wp-content\/uploads\/2014\/02\/Screen-Shot-2018-05-07-at-9.16.17-AM-300x175.png\" srcset=\"http:\/\/usnomadstudio.com\/usnomads\/blog\/wp-content\/uploads\/2014\/02\/Screen-Shot-2018-05-07-at-9.16.17-AM-300x175.png 300w, http:\/\/usnomadstudio.com\/usnomads\/blog\/wp-content\/uploads\/2014\/02\/Screen-Shot-2018-05-07-at-9.16.17-AM-768x447.png 768w, http:\/\/usnomadstudio.com\/usnomads\/blog\/wp-content\/uploads\/2014\/02\/Screen-Shot-2018-05-07-at-9.16.17-AM-1024x596.png 1024w, http:\/\/usnomadstudio.com\/usnomads\/blog\/wp-content\/uploads\/2014\/02\/Screen-Shot-2018-05-07-at-9.16.17-AM-515x300.png 515w, http:\/\/usnomadstudio.com\/usnomads\/blog\/wp-content\/uploads\/2014\/02\/Screen-Shot-2018-05-07-at-9.16.17-AM-383x223.png 383w, http:\/\/usnomadstudio.com\/usnomads\/blog\/wp-content\/uploads\/2014\/02\/Screen-Shot-2018-05-07-at-9.16.17-AM-292x170.png 292w, http:\/\/usnomadstudio.com\/usnomads\/blog\/wp-content\/uploads\/2014\/02\/Screen-Shot-2018-05-07-at-9.16.17-AM-1168x680.png 1168w, http:\/\/usnomadstudio.com\/usnomads\/blog\/wp-content\/uploads\/2014\/02\/Screen-Shot-2018-05-07-at-9.16.17-AM.png 1250w\" sizes=\"(max-width: 300px) 100vw, 300px\" \/><\/a><\/p>\n<p><a href=\"http:\/\/usnomadstudio.com\/usnomads\/blog\/?page_id=9308\"><strong>EGYPT: CAIRO REFLECTIONS<\/strong><\/a><\/p>\n<p>A quick overview of impressions from a stop in Cairo during our recent scouting mission in Egypt and Sudan &#8230; <a href=\"http:\/\/usnomadstudio.com\/usnomads\/blog\/?page_id=9308\">[read]<\/a><\/p>\n<hr \/>\n<p><strong>SPECIAL REPORT<\/strong><\/p>\n<p><a href=\"http:\/\/usnomadstudio.com\/usnomads\/blog\/?page_id=7182\"><img loading=\"lazy\" width=\"300\" height=\"199\" class=\"alignnone size-medium wp-image-7200\" src=\"http:\/\/usnomadstudio.com\/usnomads\/blog\/wp-content\/uploads\/2017\/05\/ALG_APR2017_Day09_Djanet_headingnorth-tuaregcamelherderCU-alt_DSC_0138_650w-300x199.jpg\" srcset=\"http:\/\/usnomadstudio.com\/usnomads\/blog\/wp-content\/uploads\/2017\/05\/ALG_APR2017_Day09_Djanet_headingnorth-tuaregcamelherderCU-alt_DSC_0138_650w-300x199.jpg 300w, http:\/\/usnomadstudio.com\/usnomads\/blog\/wp-content\/uploads\/2017\/05\/ALG_APR2017_Day09_Djanet_headingnorth-tuaregcamelherderCU-alt_DSC_0138_650w-451x300.jpg 451w, http:\/\/usnomadstudio.com\/usnomads\/blog\/wp-content\/uploads\/2017\/05\/ALG_APR2017_Day09_Djanet_headingnorth-tuaregcamelherderCU-alt_DSC_0138_650w-336x223.jpg 336w, http:\/\/usnomadstudio.com\/usnomads\/blog\/wp-content\/uploads\/2017\/05\/ALG_APR2017_Day09_Djanet_headingnorth-tuaregcamelherderCU-alt_DSC_0138_650w-256x170.jpg 256w, http:\/\/usnomadstudio.com\/usnomads\/blog\/wp-content\/uploads\/2017\/05\/ALG_APR2017_Day09_Djanet_headingnorth-tuaregcamelherderCU-alt_DSC_0138_650w.jpg 650w\" sizes=\"(max-width: 300px) 100vw, 300px\" \/><\/a><\/p>\n<p><a href=\"http:\/\/usnomadstudio.com\/usnomads\/blog\/?page_id=7182\"><strong>ALGERIA SCOUTING<\/strong><\/a><\/p>\n<p>A look into south-eastern Algeria on the border with Libya and Niger: overlanding with the Tuareg in one of the most remote corners of the Sahara &#8230; <a href=\"http:\/\/usnomadstudio.com\/usnomads\/blog\/?page_id=7182\">[read]<\/a><\/p>\n<hr \/>\n<\/div>\n<div class=\"clear\"><\/div>\n<\/div>\n<p><\/div>\n","protected":false},"excerpt":{"rendered":"","protected":false},"author":1,"featured_media":0,"parent":1120,"menu_order":1908,"comment_status":"closed","ping_status":"closed","template":"","meta":[],"_links":{"self":[{"href":"http:\/\/usnomadstudio.com\/usnomads\/blog\/index.php?rest_route=\/wp\/v2\/pages\/11060"}],"collection":[{"href":"http:\/\/usnomadstudio.com\/usnomads\/blog\/index.php?rest_route=\/wp\/v2\/pages"}],"about":[{"href":"http:\/\/usnomadstudio.com\/usnomads\/blog\/index.php?rest_route=\/wp\/v2\/types\/page"}],"author":[{"embeddable":true,"href":"http:\/\/usnomadstudio.com\/usnomads\/blog\/index.php?rest_route=\/wp\/v2\/users\/1"}],"replies":[{"embeddable":true,"href":"http:\/\/usnomadstudio.com\/usnomads\/blog\/index.php?rest_route=%2Fwp%2Fv2%2Fcomments&post=11060"}],"version-history":[{"count":19,"href":"http:\/\/usnomadstudio.com\/usnomads\/blog\/index.php?rest_route=\/wp\/v2\/pages\/11060\/revisions"}],"predecessor-version":[{"id":11094,"href":"http:\/\/usnomadstudio.com\/usnomads\/blog\/index.php?rest_route=\/wp\/v2\/pages\/11060\/revisions\/11094"}],"up":[{"embeddable":true,"href":"http:\/\/usnomadstudio.com\/usnomads\/blog\/index.php?rest_route=\/wp\/v2\/pages\/1120"}],"wp:attachment":[{"href":"http:\/\/usnomadstudio.com\/usnomads\/blog\/index.php?rest_route=%2Fwp%2Fv2%2Fmedia&parent=11060"}],"curies":[{"name":"wp","href":"https:\/\/api.w.org\/{rel}","templated":true}]}}